 + (2 - 8)?
9
What is 2 + 0 - (-51 + (-10 - -57))?
6
Evaluate -5 - (-1 + -13 - (-389 - -399)).
19
What is (12 - 7 - 10 - -14) + 5?
14
What is the value of (20 - -2) + -454 + 433?
1
What is the value of (2 - 7 - (-32 + 9)) + (-1 - 3)?
14
Evaluate -10 + (1 - (-6 + 12 - 5) - -6).
-4
Evaluate 6 + (-2 - 29) - -38.
13
(9 - 7) + 15 + 3
20
What is the value of 1 - (-2 - 2 - (-26 - -19))?
-2
What is (-29 + 27 - 3) + (0 - -14)?
9
What is 16 + -31 + -10 + 5?
-20
Calculate 41 - 5 - 10 - (1 + -1 - -6).
20
Calculate -22 + (3 - 1) - (766 + -808).
22
Evaluate -15 + (-27 - -20) + 42.
20
Evaluate (5 - (-4 + -3)) + 0 + -1 + -2.
9
-55 + 69 - (-3 + 13)
4
-38 + -12 + 1 + 73
24
What is the value of (-14 - (0 - 10)) + (0 + -11 - 1)?
-16
What is the value of -1 + -8 + 7 + -6 + 10?
2
Calculate 31 - (-15 - -33) - (-21 - -1).
33
What is the value of (4 - -4) + 40 + -42?
6
Calculate (-2 - (-13 - (3 + -13))) + (3 - -13).
17
Evaluate -3 - (-14 + 6 - -3).
2
Evaluate 7 - 48 - (17 - (22 + 13)).
-23
Calculate (0 - 9 - 0) + (-23 - -53) + -31.
-10
What is (-3 + 5 - 14) + 5 + -33 + 63?
23
Evaluate -2 - (46 + -78 + 41).
-11
11 + -1 + -3 + -24 + 13 + 16
12
Calculate (15 - 8) + -1 + (-21 - -5) + -7.
-17
Calculate 350 + -342 + -27 + 0 + 2.
-17
What is 74 + -68 - (-11 + -1)?
18
4 + 21 + -16 + -13
-4
What is the value of (-23 + 1 - (28 - 31) - -9) + 2?
-8
Calculate 7 + 2 + -8 - (8 + 1 + 1).
-9
What is (12 - 4) + (6 + 0 - 9)?
5
Evaluate 11 - 17 - (-10 + 9) - 10.
-15
Calculate (1 - 3 - (-26 - -31)) + -11.
-18
5 + (-7 - 3) + (-54 - -55)
-4
What is the value of 1 + -6 - -4 - 0 - -10?
9
Calculate 23 + (0 - -3) + -2 + 23 + -31.
16
What is the value of (-11 - -9) + -5 + -3?
-10
Evaluate -20 + -9 - -18 - 22.
-33
What is 51 + -14 + (3 - -5) + -12?
33
What is 34 + (-15 - 2) + -23?
-6
Evaluate 20 + (4 - (7 + (18 - 10))).
9
Calculate (1 - -9) + -6 + 3 + 7.
14
Evaluate -2 + (11 + -10 - (-2 - 3)) - -5.
9
Calculate 10 - (-8 + 1 - (-80 + 65)).
2
Calculate (7 - 2 - (3 + 3)) + (-18 - -15).
-4
Calculate 7 + (10 - 7) + -2 + -4.
4
(0 - -1) + 76 + -87
-10
(1 - 10) + -23 + 25 + 8
1
(-3 + 3 + -1 - 0) + (6 - 20)
-15
What is 5 + -5 + -6 + 12 + -1 - 6?
-1
What is -5 + 2 + (4 + 0 + -8 - -3)?
-4
What is the value of 23 + -12 + -17 + 3?
-3
-7 + -6 + (4 - 0) + -3
-12
Calculate (-27 - -14 - -15) + -2.
0
What is the value of 12 - 0 - (30 - (-18 + 40))?
4
What is 11 + -2 + -1 + (32 - 35) - 6?
-1
(15 - 6) + 1 + -17 + 30
23
What is the value of -25 - (-5 + -8 - (-1 + -5 + -4))?
-22
Evaluate (19 - (-7 - -1)) + -4 + -6.
15
Evaluate -3 + 2 + (-1 - 12 - 6).
-20
-2 - 4 - (-4 - (-21 - -8 - -5))
-10
What is ((-2 - 3) + -1 - (-52 + 46)) + -10?
-10
Evaluate 16 - ((5 + 13 - 13) + (-1 - 0)).
12
What is -18 - (-3 - (7 + -7) - 5)?
-10
Calculate -8 + 4 + -2 - ((-8 - -1) + 15).
-14
Evaluate -30 - 13 - -77 - 21.
13
What is the value of (2 - -2 - -2) + 10 + (15 - 35)?
-4
What is the value of 6 - (19 - (-10 + 15))?
-8
100 + -83 - (43 - -2 - 1)
-27
Evaluate (-115 - -100) + -1 + 10.
-6
What is (5 - -6) + -10 + (-11 - -6) + 25?
21
Calculate -9 - (-27 - -7 - -12).
-1
What is 5 + -6 + -44 + 28?
-17
Evaluate 18 - ((2 - -14) + (21 - 21)).
2
Calculate 13 + (24 - (-13 + 40)).
10
What is the value of 2 + -4 + (0 - 7)?
-9
What is the value of (5 - 2) + -3 + 2 + 9 + -7?
4
Calculate (23 + -24 - (-8 + 1)) + -22.
-16
-7 - ((0 - (-6 + 4)) + -1 + -17)
9
Evaluate (5 - 5) + -3 - (-1 + 11 - -2).
-15
Calculate 22 + (-6 + -6 - 19).
-9
What is the value of (-14 - -24 - (-2 + 4)) + -3 + 0?
5
Calculate (0 + -4 + 3 - 0) + -71 + 91.
19
What is -350 + 349 + (3 + -2 - (-10 + -1))?
11
Calculate -1 + 12 - (25 - 11 - 21).
18
What is -30 + 0 + (-1 - -38)?
7
Calculate -1038 - -1043 - (1 + 10).
-6
What is 28 - (9 + (4 - 2 - 5))?
22
(12 - 15) + 10 + (-17 + 0 - 1)
-11
What is the value of 2 - (-6 + (6 - (14 - 6)))?
10
What is -9 - (-20 + 11) - -5 - 21?
-16
Calculate (5 - 4 - 6) + 4 + (5 - -3).
7
Evaluate -5 - (-7 + -3 - (-29 - 2)).
-26
-3 - (8 + -8 + 8 + -2)
-9
Evaluate 12 + 2 + -12 + 18.
20
Calculate 13 + 2 + (19 - 24 - -29).
39
Evaluate (4 - (-11 + -5)) + -14.
6
What is -33 - -2 - -47 - 38?
-22
Calculate 12 + (3 + -17 + 2 - -6).
6
Evaluate (-9 + 16 - (0 + 3)) + -4 - 8.
-8
Calculate -35 - (-35 + (-9 - -18)).
-9
Calculate (1 - 5) + (61 - 68) - -25.
14
Calculate 9 - (4 + -6) - (1 - 2 - 1).
13
Evaluate -9 - (0 - (6 - (7 - (-1 - 1)))).
-12
What is the value of (-3 + -4 - (7 + 1)) + -9?
-24
Evaluate -6 + 14 + -17 + 9 + 3.
3
What is (-8 - -2) + 28 + -23 - 13?
-14
Evaluate -1 - (9 + -1 - -5).
-14
Calculate (-1 - 9) + (-4 - -23) + -18 - -19.
10
What is -24 + 2 + 5 + 28 + -35?
-24
What is 18 - (16 + -4 - 9 - (-2 + 3))?
16
Evaluate (0 + (-30 - -13) - -25) + -5.
3
-16 - 0 - (-31 + -13 + 5)
23
What is (9 - (3 - (-37 + -5)) - -3) + 8?
-25
(18 - (-12 + (25 - 6))) + -43
-32
Evaluate 14 - 19 - (-3 + 4 + -2).
-4
Evaluate 206 + -218 - (-18 - -1).
5
(29 - -7) + -15 + -11
10
Calculate (6 - 13 - -18 - 5) + -18.
-12
Calculate 38 - (22 - (19 + -16)).
19
-3 - (-1 - (10 + -16 + -2))
-10
0 + 1 - ((16 - (11 - 27)) + -15)
-16
What is the value of 346 - 342 - (7 + (0 - (0 - -1)))?
-2
-22 + 23 - (3 - (0 - -1)) - 10
-11
Evaluate -7 + (-9 + 0 - 7) + 7.
-16
Evaluate 6 - (0 + 0) - (-7003 + 7046).
-37
What is the value of 15 + (-10 - 2 - (109 + -140))?
34
Calculate -7 + (-1 + -10 - -10).
-8
Calculate (-12 - (-2 - -2)) + (305 - 286).
7
Calculate -7 + (-30 - (-17 + 4 + -1 + 7)).
-30
6 + (-47 - -58 - (-1 + 2))
16
Calculate 11 - -1 - (-255 + 263).
4
What is (0 - -12) + (-180 - -185)?
17
(-11 - -5) + -2 + -1 + 0 + 26
17
What is the value of (4 - -8) + 8 + (-7 + 1 - 3)?
11
Evaluate (-52 - -49 - -7) + 1 + -35.
-30
-13 - (2 - (0 - 1))
-16
Calculate -16 - (-15 + 1 + -12).
10
What is -8 + -5 + (-5 - 0) + 6?
-12
Evaluate 1 - (-13 - -24 - 3).
-7
7 - (47 + 5 + -37)
-8
What is the value of -3 + -6 + -7 + -1 + -7?
-24
(-3 - (-12 + 3)) + 133 + -120
19
What is the value of -2 - -1 - (8 + 12 + -28)?
7
Calculate -5 + (10 - (-21 - (-5 - 8))).
13
Evaluate (5 - 10) + (-20 - -26 - 8).
-7
What is the value of 35 + -8 + (7 - (20 + 2 - 8))?
20
What is the value of 15 + (-8 + 3 - 1 - (-3 - 0))?
12
What is 11 - (16 - 0) - (-6 + -3)?
4
Evaluate 4 + (-16 - (-2 - (-4 - 0))) + 4.
-10
-1 + (-47 - -78) + -23
7
1 + -4 + -2 + -5 + 10 - 2
-2
(-12 + 24 - 6) + -6
0
What is the value of (136 - 125 - (-1 - -7)) + -10?
-5
-4 - (65 - 32 - 40 - (-1 + 7))
9
Evaluate 2 + (0 - 0) + 0 + (770 - 781).
-9
Calculate 0 + -12 - (-53 - -41).
0
-3 + (2 + 12 - 7) + -14
-10
What is 9 + 0 + -428 + 434?
15
Calculate (6 - -9) + (1 - (0 + 4 + 3)).
9
What is 1 + -9 + (3 - -5) + 1?
1
What is the value of -18 + 0 - (0 - 9)?
-9
-5 - ((0 - 5) + 4) - (5 + -26)
17
What is (4 - 0) + -221 + 216?
-1
Evaluate -12 - (-24 - (-11 + 11) - -2).
10
-8 + 15 + 3 + -2
8
0 + 4 - 8 - 0
-4
Evaluate -43 - (-18 + 4 + 10 + -7).
-32
16 + (-3 - -32) + -12 + 0
33
What is the value of -3 - (-2 + (-2 - -9) + 7 + -5)?
-10
54 + 0 + (-45 - -41) + -15
35
What is 0 + (18 - 12) + (-15 - -20)?
11
Evaluate -5 + (-9 - (-5 - (13 - 3))).
1
Calculate -5 - (22 + -16) - 8.
-19
What is -29 + 23 + 36 + -3?
27
Calculate 13 + -17 + (16 - 3) + -4 - 10.
-5
What is the value of 187 + -208 + (-1 - -4)?
-18
Calculate -12 + (-16 - -3 - -4) + 5.
-16
What is the value of 48 + -18 - 29 - (0 + (-1 - 4))?
6
What is the value of -32 - (11 + -20 - 2)?
-21
What is 1 + 10 - (-12 + 12)?
11
Calculate (7 - -13) + 42 + -46 + 8.
24
What is the value of -26 + 23 - (-8 + 1 - (1 - -1))?
6
What is the value of 0 + 3 + -2 + -5 + -5 + -2?
-11
What is (-2 - -1) + 0 - (45 + 68 + -85)?
-29
-8 + (-12 - (-3 - 1)) + 2 + 7
-7
Evaluate (-595 - -603) + (6 - 0).
14
What is (-8 - -3 - 5) + (-7 - 5)?
-22
Calculate (-15 + 12 - -12) + 4 + -11.
2
What is -7 + (4 + 7 + -2 + -2 - 12)?
-12
10 + -21 + -6 - -33
16
Evaluate -4 - (5 - 34 - -46).
-21
(39 - 35 - 12) + (1 - -13)
6
11 - ((12 - 15) + 14 - (1 + 11))
12
What is the value of 13 + -8 + (-26 + 18 - (-1 - 6))?
4
Calculate -31 - -32 - (-7 - 4).
12
Calculate -11 - ((-19 - -27) + -9).
-10
What is the value of 22 - -20 - 0 - 42?
0
Evaluate (1 - 29) + 31 - (16 + 3).
-16
-3 - ((-7 - 0 - (-11 - -1)) + -6)
0
(4 - 1 - 5) + (256 - 254)
0
Calculate -3 + -8 + 0 + -7 - (-19 - -12).
-11
7 - ((4 - 0) + 47 + -45 + -8)
9
-16 + -16 + (14 - (18 - 8))
-28
Calculate (-3 - 1) + 25 + -5 + (11 - 16).
11
Calculate (-6 - (-1 + -2